 is 10 + 10110010011?
10110010101
In base 11, what is 21 + -7?
15
In base 10, what is 210 + 1?
211
In base 9, what is -12 - 11?
-23
In base 2, what is 1011111 + 111?
1100110
In base 16, what is -f + 32?
23
In base 10, what is -1 - -258?
257
In base 3, what is -101 - 1211?
-2012
In base 3, what is 102212 - -10?
102222
In base 9, what is 16 - -230?
246
In base 16, what is -152 - 3?
-155
In base 3, what is 11211 + -10?
11201
In base 3, what is -202 - -120221?
120012
In base 3, what is -20 - -201?
111
In base 5, what is 102222 + -2?
102220
In base 7, what is -11 - -143?
132
In base 2, what is -1 + 111000?
110111
In base 15, what is -1e + 132?
113
In base 15, what is -2 + -2e3?
-2e5
In base 13, what is 11 + 1c?
30
In base 13, what is 1 + -238?
-237
In base 16, what is -535 + 9?
-52c
In base 13, what is -36 + -3?
-39
In base 6, what is 110 + -5?
101
In base 13, what is -21 + -b1?
-102
In base 9, what is 140 + 0?
140
In base 6, what is -253 + 1?
-252
In base 8, what is 3145 - 3?
3142
In base 2, what is 1110 - -100001?
101111
In base 5, what is 0 - 2130?
-2130
In base 10, what is -2 + -3028?
-3030
In base 10, what is 1 + -41?
-40
In base 6, what is -1 + 2524?
2523
In base 4, what is -3 - -22101?
22032
In base 7, what is 1 - 2246?
-2245
In base 8, what is -11562 + -3?
-11565
In base 5, what is 210001 + -2?
204444
In base 13, what is 4 + -56?
-52
In base 2, what is -110100 - 10101100?
-11100000
In base 16, what is 14 - -1?
15
In base 11, what is -7 - 27?
-33
In base 2, what is -1 + -1001010?
-1001011
In base 10, what is 71 + -2?
69
In base 12, what is 1401 + 3?
1404
In base 5, what is 124 + 10?
134
In base 14, what is 79 - 6?
73
In base 16, what is -5 + 39?
34
In base 7, what is -30 + -61?
-121
In base 7, what is 34 + -4?
30
In base 12, what is 1 - 29?
-28
In base 16, what is 7 - 19?
-12
In base 15, what is -241 - -4?
-23c
In base 6, what is 5 + 102?
111
In base 3, what is -2 + -10010010?
-10010012
In base 9, what is -10 - -106?
86
In base 3, what is 22212012 + 2?
22212021
In base 7, what is 0 - -565?
565
In base 7, what is 51 - -2?
53
In base 16, what is 67 + 5e?
c5
In base 16, what is -1227 - -3?
-1224
In base 15, what is 5 + -127a?
-1275
In base 6, what is -40032 - -1?
-40031
In base 5, what is -1321 + -4?
-1330
In base 12, what is -4 + a8?
a4
In base 2, what is 1110 + 10110111?
11000101
In base 7, what is 1143 + -2?
1141
In base 14, what is 4 + 662?
666
In base 4, what is -332 + -3?
-1001
In base 8, what is 247 - 0?
247
In base 9, what is -7230 - -2?
-7227
In base 2, what is 1101010 - 10111?
1010011
In base 5, what is 1100 - 0?
1100
In base 10, what is -229 - -2?
-227
In base 14, what is 86 - 12?
74
In base 6, what is 2 + 1024?
1030
In base 14, what is a - -5a5?
5b1
In base 10, what is -828 - -7?
-821
In base 11, what is 31 - 1?
30
In base 3, what is 2102000 - 10?
2101220
In base 11, what is 0 + 1961?
1961
In base 16, what is 52 + 4?
56
In base 10, what is -7 - 39?
-46
In base 15, what is -130 + -8?
-138
In base 15, what is -7 + -10?
-17
In base 3, what is -11 - 1022121?
-1022202
In base 16, what is -5 - -137?
132
In base 7, what is -133 - -4?
-126
In base 8, what is 3 + -3030?
-3025
In base 8, what is -103 + 74?
-7
In base 14, what is -1 + -11?
-12
In base 13, what is -183c + 0?
-183c
In base 6, what is 0 + -52?
-52
In base 8, what is 3 + 131?
134
In base 6, what is -2 + 14534?
14532
In base 11, what is 0 - -759?
759
In base 3, what is -1 - 0?
-1
In base 3, what is 21220221 + -11?
21220210
In base 4, what is -11331 + -1?
-11332
In base 3, what is 10 + 121?
201
In base 8, what is -42 + 120?
56
In base 12, what is 0 - 589?
-589
In base 4, what is -120 + 21?
-33
In base 14, what is -8 + b5?
ab
In base 3, what is -112101 + -1011?
-120112
In base 9, what is 157 - -26?
184
In base 8, what is 5525 - -1?
5526
In base 12, what is 356 + -3?
353
In base 4, what is -1033112 + -10?
-1033122
In base 12, what is -5 - 201?
-206
In base 3, what is 1012 + -201?
111
In base 14, what is -3a - 3?
-3d
In base 7, what is 3 - 1043?
-1040
In base 2, what is 1 + 10000100?
10000101
In base 2, what is 1101100001 - 101?
1101011100
In base 15, what is -5 - -579?
574
In base 13, what is 2b27 + 2?
2b29
In base 3, what is -2111 + -112?
-10000
In base 10, what is 43 + 0?
43
In base 14, what is 6 + -bc1?
-bb9
In base 13, what is 3 - -c2?
c5
In base 6, what is 1143 + -2?
1141
In base 5, what is -12143 - -10?
-12133
In base 8, what is -650 + 41?
-607
In base 7, what is 1661 - 2?
1656
In base 8, what is 4 - -16?
22
In base 10, what is -14 - -116?
102
In base 9, what is 5 + -2538?
-2533
In base 15, what is 4 + 126d?
1272
In base 6, what is -31404 + -2?
-31410
In base 16, what is f - 0?
f
In base 16, what is 162 - 4?
15e
In base 14, what is 909 - -3?
90c
In base 9, what is -157 + 7?
-150
In base 15, what is 5 + 250a?
2510
In base 10, what is 1297 + 9?
1306
In base 6, what is -12 - 51?
-103
In base 15, what is -5 - a7?
-ac
In base 8, what is -241 - -4?
-235
In base 15, what is -3e + -1c?
-5b
In base 11, what is 6 + -30?
-25
In base 14, what is 430 + -3?
42b
In base 2, what is 1000 - 100?
100
In base 5, what is 2 + 1120?
1122
In base 9, what is 755 - -3?
758
In base 15, what is e45 + a?
e50
In base 13, what is 14b48 - 2?
14b46
In base 6, what is -224 + -3?
-231
In base 7, what is 4 - 266?
-262
In base 12, what is -1ab - 4?
-1b3
In base 9, what is 6 - -1037?
1044
In base 2, what is 101 + -11011101?
-11011000
In base 14, what is 9 - -3a4?
3ad
In base 14, what is -76 + 2?
-74
In base 2, what is -100 + 10100100?
10100000
In base 3, what is 2 - 210111?
-210102
In base 11, what is -71a - 1?
-720
In base 6, what is -1 + -120?
-121
In base 2, what is 100 + -11110111110?
-11110111010
In base 4, what is -122 + -1300?
-2022
In base 13, what is a + -1ab?
-1a1
In base 13, what is -451 - 5?
-456
In base 4, what is -11 + 100030?
100013
In base 6, what is -3 - -212?
205
In base 7, what is 4 + 22?
26
In base 14, what is b88 + 3?
b8b
In base 5, what is 3114 - -2?
3121
In base 3, what is 0 + -20200?
-20200
In base 10, what is -2 + 261?
259
In base 11, what is 0 + 52?
52
In base 15, what is -92 + -3?
-95
In base 10, what is 1 + 49?
50
In base 5, what is 0 - 1112?
-1112
In base 9, what is -2 + 8082?
8080
In base 2, what is 1000001 - 1110100?
-110011
In base 9, what is 330 - -7?
337
In base 4, what is -111 - -20?
-31
In base 12, what is 0 - 997?
-997
In base 3, what is 11 + -2102100?
-2102012
In base 6, what is -220 - -4?
-212
In base 10, what is -2026 - 4?
-2030
In base 9, what is -1 + 332?
331
In base 6, what is -1 - -341?
340
In base 11, what is -5 + 5?
0
In base 13, what is 4 + 0?
4
In base 13, what is -36b + -1b?
-389
In base 4, what is 212 - 0?
212
In base 9, what is 21 - 74?
-53
In base 2, what is 101 + 1100?
10001
In base 11, what is 2 - -4?
6
In base 9, what is 10 + -28?
-18
In base 12, what is 0 - -13?
13
In base 6, what is 3 - -111?
114
In base 16, what is -38 - -4?
-34
In base 9, what is 1855 + 1?
1856
In base 3, what is 10 - 1222?
-1212
In base 7, what is -25 + -146?
-204
In base 12, what is 1a252 - 5?
1a249
In base 3, what is -1 + -1201200?
-1201201
In base 10, what is -13 + -108?
-121
In base 15, what is -9a + -9?
-a4
In base 16, what is 288 + 0?
288
In base 10, what is -17 - -154?
137
In base 10, what is 3343 + -1?
3342
In base 16, what is -b + -7?
-12
In base 8, what is 6577 - -5?
6604
In base 7, what is 112613 + -4?
112606
In base 16, what is 3d + -4?
39
In base 7, what is 125005 + -1?
125004
In base 6, what is -10 + 21?
11
In base 8, what is -5 + -1260?
-1265
In base 5, what is 3 + 3321?
3324
In base 5, what is 132 - 1?
131
In base 14, what is 34 + -5?
2d
In base 11, what is 217a3 - 2?
217a1
In base 12, what is a + 122?
130
In base 10, what is -30 + 12?
-18
In base 6, what is -12324 - -3?
-12321
In base 8, what is 4 - -2664?
2670
In base 9, what is 584 - -14?
608
In base 3, what is -2202 + -20?
-2222
In base 6, what is -2 + -111?
-113
In base 7, what is -26 + 50?
21
In base 9, what is 1 - 66?
-65
In base 10, what is 2 + 54?
56
In base 9, what is -462 + 1?
-461
In base 12, what is 5 - 74?
-6b
In base 12, what is 907 - -2?
909
In base 12, what is -1 + 124?
123
In base 11, what is -2 - 909?
-910
In base 6, what is -2 + 2211?
2205
In base 12, what is -7 - -13?
8
In base 9, what is -8 - 4?
-1